{"id":6735,"date":"2023-01-18T15:10:40","date_gmt":"2023-01-18T15:10:40","guid":{"rendered":"https:\/\/archiutti.it\/prodotto\/table-de-reunion\/"},"modified":"2023-03-29T12:22:07","modified_gmt":"2023-03-29T12:22:07","slug":"table-de-reunion-dedalus","status":"publish","type":"product","link":"https:\/\/archiutti.it\/fr\/produit\/table-de-reunion-dedalus\/","title":{"rendered":"Table de r\u00e9union"},"content":{"rendered":"<p>Des plateaux ovales, essentiels et l\u00e9gers, soutenus par des colonnes m\u00e9talliques, caract\u00e9risent les tables de r\u00e9union Dedalus, une collection transversale qui s&rsquo;adapte \u00e0 tous les projets. Les finitions vont du m\u00e9lamin\u00e9 au verre, pour meubler aussi bien les salles de travail que les salles de direction.<\/p>\n","protected":false},"excerpt":{"rendered":"<p>Des plateaux ovales, essentiels et l\u00e9gers, soutenus par des colonnes m\u00e9talliques, caract\u00e9risent les tables de r\u00e9union Dedalus, une collection transversale qui s&rsquo;adapte \u00e0 tous les projets. Les finitions vont du m\u00e9lamin\u00e9 au verre, pour meubler aussi bien les salles de travail que les salles de direction.<\/p>\n","protected":false},"featured_media":5490,"comment_status":"closed","ping_status":"closed","template":"","meta":[],"product_brand":[],"product_cat":[181,185],"product_tag":[],"class_list":{"0":"post-6735","1":"product","2":"type-product","3":"status-publish","4":"has-post-thumbnail","6":"product_cat-tables-fr","7":"product_cat-tables-de-reunion","9":"first","10":"instock","11":"shipping-taxable","12":"product-type-simple"},"acf":[],"_links":{"self":[{"href":"https:\/\/archiutti.it\/fr\/wp-json\/wp\/v2\/product\/6735","targetHints":{"allow":["GET"]}}],"collection":[{"href":"https:\/\/archiutti.it\/fr\/wp-json\/wp\/v2\/product"}],"about":[{"href":"https:\/\/archiutti.it\/fr\/wp-json\/wp\/v2\/types\/product"}],"replies":[{"embeddable":true,"href":"https:\/\/archiutti.it\/fr\/wp-json\/wp\/v2\/comments?post=6735"}],"wp:featuredmedia":[{"embeddable":true,"href":"https:\/\/archiutti.it\/fr\/wp-json\/wp\/v2\/media\/5490"}],"wp:attachment":[{"href":"https:\/\/archiutti.it\/fr\/wp-json\/wp\/v2\/media?parent=6735"}],"wp:term":[{"taxonomy":"product_brand","embeddable":true,"href":"https:\/\/archiutti.it\/fr\/wp-json\/wp\/v2\/product_brand?post=6735"},{"taxonomy":"product_cat","embeddable":true,"href":"https:\/\/archiutti.it\/fr\/wp-json\/wp\/v2\/product_cat?post=6735"},{"taxonomy":"product_tag","embeddable":true,"href":"https:\/\/archiutti.it\/fr\/wp-json\/wp\/v2\/product_tag?post=6735"}],"curies":[{"name":"wp","href":"https:\/\/api.w.org\/{rel}","templated":true}]}}

Table de réunion

<p>Des plateaux ovales, essentiels et légers, soutenus par des colonnes métalliques, caractérisent les tables de réunion Dedalus, une collection transversale qui s&rsquo;adapte à tous les projets. Les finitions vont du mélaminé au verre, pour meubler aussi bien les salles de travail que les salles de direction.</p>
