{"id":6730,"date":"2022-11-11T11:29:25","date_gmt":"2022-11-11T11:29:25","guid":{"rendered":"https:\/\/archiutti.it\/prodotto\/table-de-reunion\/"},"modified":"2023-03-29T12:31:27","modified_gmt":"2023-03-29T12:31:27","slug":"table-de-reunion-artu","status":"publish","type":"product","link":"https:\/\/archiutti.it\/fr\/produit\/table-de-reunion-artu\/","title":{"rendered":"Table de r\u00e9union"},"content":{"rendered":"<p>Les tables de r\u00e9union Ar.tu reprennent les finitions des bureaux de direction dans l&rsquo;environnement de r\u00e9union, avec un syst\u00e8me de table modulaire et personnalisable. Les tables sont \u00e9quip\u00e9es d&rsquo;un syst\u00e8me de pieds cannel\u00e9s et d&rsquo;un top access recouvert de cuir pour offrir une capacit\u00e9 d&rsquo;\u00e9lectrification maximale.<\/p>\n","protected":false},"excerpt":{"rendered":"<p>Les tables de r\u00e9union Ar.tu reprennent les finitions des bureaux de direction dans l&rsquo;environnement de r\u00e9union, avec un syst\u00e8me de table modulaire et personnalisable. Les tables sont \u00e9quip\u00e9es d&rsquo;un syst\u00e8me de pieds cannel\u00e9s et d&rsquo;un top access recouvert de cuir pour offrir une capacit\u00e9 d&rsquo;\u00e9lectrification maximale.<\/p>\n","protected":false},"featured_media":5208,"comment_status":"closed","ping_status":"closed","template":"","meta":[],"product_brand":[],"product_cat":[181,185],"product_tag":[194],"class_list":{"0":"post-6730","1":"product","2":"type-product","3":"status-publish","4":"has-post-thumbnail","6":"product_cat-tables-fr","7":"product_cat-tables-de-reunion","8":"product_tag-artu-fr","10":"first","11":"instock","12":"shipping-taxable","13":"product-type-simple"},"acf":[],"_links":{"self":[{"href":"https:\/\/archiutti.it\/fr\/wp-json\/wp\/v2\/product\/6730","targetHints":{"allow":["GET"]}}],"collection":[{"href":"https:\/\/archiutti.it\/fr\/wp-json\/wp\/v2\/product"}],"about":[{"href":"https:\/\/archiutti.it\/fr\/wp-json\/wp\/v2\/types\/product"}],"replies":[{"embeddable":true,"href":"https:\/\/archiutti.it\/fr\/wp-json\/wp\/v2\/comments?post=6730"}],"wp:featuredmedia":[{"embeddable":true,"href":"https:\/\/archiutti.it\/fr\/wp-json\/wp\/v2\/media\/5208"}],"wp:attachment":[{"href":"https:\/\/archiutti.it\/fr\/wp-json\/wp\/v2\/media?parent=6730"}],"wp:term":[{"taxonomy":"product_brand","embeddable":true,"href":"https:\/\/archiutti.it\/fr\/wp-json\/wp\/v2\/product_brand?post=6730"},{"taxonomy":"product_cat","embeddable":true,"href":"https:\/\/archiutti.it\/fr\/wp-json\/wp\/v2\/product_cat?post=6730"},{"taxonomy":"product_tag","embeddable":true,"href":"https:\/\/archiutti.it\/fr\/wp-json\/wp\/v2\/product_tag?post=6730"}],"curies":[{"name":"wp","href":"https:\/\/api.w.org\/{rel}","templated":true}]}}

Table de réunion

<p>Les tables de réunion Ar.tu reprennent les finitions des bureaux de direction dans l&rsquo;environnement de réunion, avec un système de table modulaire et personnalisable. Les tables sont équipées d&rsquo;un système de pieds cannelés et d&rsquo;un top access recouvert de cuir pour offrir une capacité d&rsquo;électrification maximale.</p>
